ulate the remainder when j is divided by -5*((-6)/(390/377) + 0).
28
Calculate the remainder when 49827/36 - 1 - 58/696 is divided by 343.
11
Suppose 48*x - 7612 = 3140. What is the remainder when x is divided by 60?
44
Suppose u + 3*u - 124 = 0. Suppose 14*h - 5*h + 3*h = 0. Suppose -4*w - b = -67, -2*w - b - 3*b + 16 = h. What is the remainder when u is divided by w?
13
Let n = -95 + 140. Suppose t + t - 3*u - 30 = 0, -3*t + n = 4*u. What is the remainder when 88 is divided by t?
13
Let n = -3083 + 3086. Suppose 62 + 106 = g. Suppose -n*u - g = -5*j - 26, -j - 3*u + 14 = 0. What is the remainder when 51 is divided by j?
25
Suppose 5*i - 12 = -n - 67, -5*i - 40 = 4*n. What is the remainder when (3/i)/(((-5)/(-200))/(-1)) is divided by 1 + 0 - 1 - -10?
0
Suppose -5*x = 2*o + 19, x - 4*o + 1 = -2*x. Let d be -3 - (-28 - x - 4). Calculate the remainder when 69 is divided by (-1 + d/(-14))/((-32)/112).
9
Let k = 27 - -4. What is the remainder when 1662/(-14127) + (-8266)/(-34) is divided by k?
26
Suppose 5*c = 18*c - 1209. Let m = 111 - c. Let k(a) = 3*a**3 + 2*a**2 + a + 1. Calculate the remainder when k(2) is divided by m.
17
Let x(p) = -p**3 + 12*p**2 - 8*p - 2. Suppose 77*v + 11*v - 3927 = 11*v. Calculate the remainder when v is divided by x(11).
20
Let o(z) = -447*z**3 - 451*z**3 + 16 - 27*z - 28*z**2 + 897*z**3. Calculate the remainder when 111 is divided by o(-27).
15
Let y(h) = -9*h - 728. What is the remainder when 216 is divided by y(-85)?
31
Suppose -339*h = -315*h - 672. What is the remainder when 993 is divided by h?
13
Suppose 2*v = 52 + 18. Suppose 78 = 11*o - 153. What is the remainder when v is divided by o?
14
Suppose 48*g - 87614 - 70738 = 0. What is the remainder when g is divided by 11?
10
Suppose -18 = 6*d - 30. Suppose 84 = k + c, d*c = k - 85 + 13. Calculate the remainder when k is divided by 41.
39
Let u(d) = 1968 + 2*d**2 - 1968 + 10*d. Let z be u(-5). Suppose -230 = -5*r + 5*a, -r - 4*a + 71 = -z*r. Calculate the remainder when r is divided by 13.
12
Let c be (-7 + -27 - -5)/(2/(-4)). Let l = -46 - 7. Let i = l + c. What is the remainder when 17 is divided by i?
2
Let s(l) = 4*l**3 - 7*l + 7 - 3*l**3 + 63*l**2 - 70*l**2 - 2*l**3. What is the remainder when 310 is divided by s(-6)?
11
Let m = 397 + -312. What is the remainder when m is divided by ((-27)/15)/(18/(-60)*1)?
1
Let s(f) = -2*f**3 + 9*f**2 + 21*f - 26. Let r be s(6). Suppose 2*l - 5*l = -105. What is the remainder when l is divided by ((-28)/(-10))/(r/(-40))?
7
What is the remainder when ((-3349)/(-187) + -19)*-473 is divided by 16?
4
Let m = 936 + -902. Suppose -1136 = -d + 5*d. Let u = -183 - d. What is the remainder when u is divided by m?
33
Suppose 2*z - 8*z - 1896 = 0. Calculate the remainder when (-6)/(-7 - -19)*z is divided by 54.
50
Let c(r) = -r**3 - 23*r**2 - 124*r - 11. Calculate the remainder when 7601 is divided by c(-16).
180
Suppose -202 = 3*i - f, -8*i + 6*i - 142 = 3*f. Calculate the remainder when (32/i)/(-4) - 23705/(-85) is divided by 40.
39
Let g = 15 + -9. Let r(s) = -2*s**2 - 25*s + 13. Let t be r(-12). Suppose -35 - t = -6*f. Calculate the remainder when f is divided by g.
4
Suppose -53 = 3*p - 65. Let v(k) = k**2 - 7*k - 3. Let l be v(8). Suppose 141 = t + 4*q, l*t - 689 = p*q - 8*q. Calculate the remainder when t is divided by 20.
17
Let d = 10 + -13. Let a be d/9 + (0 - 10/(-3)). Suppose a*i + 3*n = 42, n + 51 + 1 = 5*i. What is the remainder when 118 is divided by i?
8
Let b(f) = -300*f + 271. Calculate the remainder when b(-4) is divided by 148.
139
Suppose 5*k - 5*z - 115 = 0, 215*z = k + 216*z - 15. Let n be -20*((-34)/(-4))/(-1). Suppose -s = 4*s - n. Calculate the remainder when s is divided by k.
15
Let g(a) = -a**2 + 7*a - 1. Let i = 55 + -61. Calculate the remainder when ((-3)/i)/(-4*5/(-1680)) is divided by g(5).
6
Suppose 0 = 3*h - 2*l - 80, 0 = -l + 5*l + 4. Suppose 11*j - 15686 = -20*j. Let c = 520 - j. Calculate the remainder when h is divided by c.
12
Suppose 44 = 5*b - 2*k - 241, -4*b = -k - 231. Let x = b - 52. Suppose -4*f = -5*f + x. Calculate the remainder when 20 is divided by f.
6
Let i(r) = -r**3 + 29*r**2 + 10*r - 263. Calculate the remainder when 393 is divided by i(29).
15
Let y(x) = 42*x**2 - 3*x + 3. Suppose -u + 22 + 38 = 0. Suppose -4*q + 2*k + 382 = 0, -2*q - k = -u - 129. What is the remainder when q is divided by y(-1)?
47
Calculate the remainder when 114 is divided by 8*(-1 - 0) - (-4608)/64.
50
Suppose 0 = -5*n + 30*r - 29*r + 104, -4*r = 2*n - 46. Calculate the remainder when 1013 is divided by n.
5
Suppose 44*h - 66*h = -110. Suppose 2*n - 26 = 4*z, -3*n + 16 + 18 = -h*z. What is the remainder when 24 is divided by n?
0
Let q(l) = -3*l**3 + 3*l**2 - l - 4. Suppose 0 - 12 = -6*x. Suppose 0*m = 3*a - 3*m + 24, 5*m - 31 = x*a. Calculate the remainder when q(a) is divided by 36.
35
Let g(j) = -j + 11. Let k be g(-7). Suppose 17*s - k*s = -160. What is the remainder when s is divided by 81?
79
Let w = 2759 - 2135. What is the remainder when w is divided by 129?
108
Let d be (3 + 2)*(-8)/(-10). What is the remainder when 516 is divided by 4/(d/71) + 6/2?
72
Let p(f) = -30*f + 514. Let j be p(17). What is the remainder when (1 + (-1 - 55))*-1 is divided by j/(-8)*20 + 18?
7
Suppose 0 = -3*i + a - 79, 0 = 5*i + 5*a + 46 + 99. Let l = i + 50. Calculate the remainder when (5 - 4)*(-1 + 68) is divided by l.
21
Let o(u) = u**2 + 4. What is the remainder when -1*90*(-42 + -24)/132 is divided by o(3)?
6
Let m(r) = 120*r**2 + 3*r - 1. Let o = -46888 - -46949. Calculate the remainder when m(2) is divided by o.
58
Let z(c) = -31*c + 1430. Calculate the remainder when 973 is divided by z(38).
217
Suppose 472 + 25 = 7*z. Let b = -51 + z. What is the remainder when -1 + 1 + (58 - 0) is divided by b?
18
Suppose 12*a + 52 = -8. Calculate the remainder when 115 is divided by (1 - (-6)/(-5)) + (-146)/a.
28
Suppose -69*z + 2729778 = 62*z. Calculate the remainder when z is divided by 34.
30
Suppose -5*m + 127 = -4*r + 6*r, -m - 74 = -r. Let f(p) = -p**3 + 2*p**2 - 3*p - 3. What is the remainder when r is divided by f(-2)?
14
Suppose -3*v = -24 - 18. What is the remainder when 4/14 + 878/v is divided by -41 - 19/(950/(-2950))?
9
Let y be (-5)/(-5)*(-6)/2. Let b(j) = -26*j - 4. Let a = -67 + 105. What is the remainder when b(y) is divided by a?
36
Suppose -21*p + r = -20*p - 43, -3*p + 4*r = -128. Calculate the remainder when 4572 is divided by p.
40
Let a = -1405 + 1443. Calculate the remainder when a is divided by 27.
11
Let x(w) = 62*w**2 - 10*w - 31. Let a be x(-3). Let s = a - 534. What is the remainder when s is divided by 15?
8
Suppose -57 - 57 = -3*t. Let x(u) = -u**3 - 9*u**2 - 8*u - 30. Let w(c) = -4*c**2 + 27*c + 30. Let r be w(8). Calculate the remainder when x(r) is divided by t.
36
Suppose 2*s = -4*i + 88, 3*s = 4*i + 47 + 75. Let d(o) = o**2 - 40*o - 44. What is the remainder when 396 is divided by d(s)?
36
Suppose 4*a + 48 = 4*r - 64, 86 = 3*r - 2*a. Calculate the remainder when 778 is divided by r.
28
Suppose 6*g + 2 = 7*g. Suppose 0 = -4*y - r + 160, -y + 36 - 3 = 2*r. Calculate the remainder when y is divided by 63/(-18)*(-1)/(g/4).
6
What is the remainder when 691 is divided by (-32)/(-432) - 11010/(-81)?
11
Suppose -7*f = 41 + 8. Let y(b) = -5*b + 17. Let x be y(f). Calculate the remainder when x - 3 - 5/(5/(-4)) is divided by 11.
9
Let h(o) be the first derivative of o**3/3 - 2*o**2 - 4*o - 1. What is the remainder when 49 + 0 + -3 + 4 is divided by h(-3)?
16
Let y(d) = 115*d + 479. What is the remainder when 738 is divided by y(-4)?
16
Let u = 15 + -9. Let m = 34153 + -34106. What is the remainder when m is divided by u?
5
Suppose 162 = -74*i + 80*i. Let w(r) = -r**2 - 5*r - 2. Let t be w(-6). Calculate the remainder when t/6*117/(-2) is divided by i.
24
Suppose 65 + 601 = h. What is the remainder when h is divided by 29?
28
Let c be (204/(-30))/(2/(-5)). Suppose -16 = -4*a, 4*m - 2*a - 4 + 12 = 0. Let y = c - m. What is the remainder when y is divided by 10?
7
Suppose h - 102 = -108. Let b(k) = 4*k + 25. Let s be b(h). Calculate the remainder when 133 is divided by (s + (-4)/3)/(33/(-2673)).
25
Suppose -8*w + 19*w - 1617 = 0. Suppose -47 = -2*x + w. Calculate the remainder when x is divided by 1